{"id":242,"date":"2016-03-07T01:29:46","date_gmt":"2016-03-07T00:29:46","guid":{"rendered":"https:\/\/gopsradymno.pl\/?page_id=242"},"modified":"2024-05-08T10:26:44","modified_gmt":"2024-05-08T08:26:44","slug":"kontakt","status":"publish","type":"page","link":"https:\/\/gopsradymno.pl\/index.php\/kontakt\/","title":{"rendered":"Kontakt"},"content":{"rendered":"<p><span style=\"font-family: 'Times New Roman', serif;\"><span style=\"font-size: medium;\"><b>KONTAKT <\/b><\/span><\/span><\/p>\n<p><span style=\"font-family: 'Times New Roman', serif;\"><b>Gminny O\u015brodek Pomocy Spo\u0142ecznej w Radymnie<\/b><\/span><\/p>\n<p><span style=\"font-family: 'Times New Roman', serif;\"><span style=\"font-size: medium;\"><span style=\"font-size: small;\"><b>adres:<\/b><\/span><b> <\/b><span style=\"color: #696969;\"><span style=\"font-size: small;\"><b>ul. Lwowska 38,\u00a0 37-550 Radymno<\/b><\/span><\/span><\/span><\/span><\/p>\n<p align=\"justify\"><span style=\"font-family: 'Times New Roman', serif;\"><span style=\"font-size: medium;\"><span style=\"font-size: small;\"><b>telefon:<\/b><\/span><b> <\/b><span style=\"color: #696969;\"><span style=\"font-size: small;\"><b>(16<\/b><\/span><\/span><span style=\"color: #696969;\"><span style=\"font-size: small;\"> )<\/span><\/span><b><span style=\"color: #696969;\"><span style=\"font-size: small;\"> 628 10 05, <\/span><\/span><\/b><\/span><\/span><\/p>\n<p align=\"justify\"><span style=\"font-family: 'Times New Roman', serif;\"><span style=\"font-size: medium;\"><b><span style=\"color: #696969;\"><span style=\"font-size: small;\">(16) 628 11 38 &#8211; sekretariat UG Radymno (prosi\u0107 numer wewn\u0119trzny): <\/span><\/span><\/b><\/span><\/span><\/p>\n<ul>\n<li>\n<p align=\"justify\"><span style=\"font-family: 'Times New Roman', serif;\"><span style=\"font-size: medium;\"><b><span style=\"color: #696969;\"><span style=\"font-size: small;\"><u>wew. 28<\/u><\/span><\/span><\/b><b><span style=\"color: #696969;\"><span style=\"font-size: small;\"> (kierownik GOPS, g\u0142\u00f3wny ksi\u0119gowy), <\/span><\/span><\/b><\/span><\/span><\/p>\n<\/li>\n<li>\n<p align=\"justify\"><span style=\"font-family: 'Times New Roman', serif;\"><span style=\"font-size: medium;\"><b><span style=\"color: #696969;\"><span style=\"font-size: small;\"><u>wew. 32<\/u><\/span><\/span><\/b><b><span style=\"color: #696969;\"><span style=\"font-size: small;\"> (pomoc \u015brodowiskowa, dodatki mieszkaniowe, asystent rodziny), <\/span><\/span><\/b><\/span><\/span><\/p>\n<\/li>\n<li>\n<p align=\"justify\"><span style=\"font-family: 'Times New Roman', serif;\"><span style=\"font-size: medium;\"><b><span style=\"color: #696969;\"><span style=\"font-size: small;\"><u>wew. 36<\/u><\/span><\/span><\/b><b><span style=\"color: #696969;\"><span style=\"font-size: small;\"> ( sekretariat GOPS, Karta Du\u017cej Rodziny, stypendia szkolne), <\/span><\/span><\/b><\/span><\/span><\/p>\n<\/li>\n<li>\n<p align=\"justify\"><span style=\"font-family: 'Times New Roman', serif;\"><span style=\"font-size: medium;\"><b><span style=\"color: #696969;\"><span style=\"font-size: small;\"><u>wew. 44<\/u><\/span><\/span><\/b><b><span style=\"color: #696969;\"><span style=\"font-size: small;\"> ( \u015bwiadczenia rodzinne, \u015bwiadczenie wychowawcze, fundusz alimentacyjny)<\/span><\/span><\/b><\/span><\/span><\/p>\n<\/li>\n<\/ul>\n<p><span lang=\"en-US\"><b style=\"font-size: medium;\">Godziny pracy:<\/b><b>e-mail: gops@<\/b><\/span><span style=\"color: #696969;\"><span lang=\"en-US\"><b>gopsradymno.pl<\/b><\/span><\/span><span style=\"color: #696969;\"><span lang=\"en-US\"><br \/>\n<\/span><\/span><span lang=\"en-US\"><b>strona internetowa: <\/b><\/span><span style=\"color: #696969;\"><span lang=\"en-US\"><b>www.gopsradymno.pl<\/b><\/span><\/span><\/p>\n<p><span style=\"font-family: Calibri, sans-serif;\"><b>adres elektronicznej skrzynki podawczej:\u00a0 \u00a0 \u00a0 \u00a0 \u00a0 \u00a0 \u00a0 \/GOPSRADYMNO\/domyslna<\/b><\/span><\/p>\n<p style=\"padding-left: 270px;\"><span style=\"font-family: Calibri, sans-serif;\"><b>\/GOPSRADYMNO\/SkrytkaESP<\/b><\/span><\/p>\n<p>&nbsp;<\/p>\n<p>&nbsp;<\/p>\n<p><span style=\"font-family: 'Times New Roman', serif;\"><span style=\"font-size: medium;\"><span style=\"color: #696969;\"><span style=\"font-size: small;\"><b>Poniedzia\u0142ek , \u015aroda, Czwartek, Pi\u0105tek &#8211; od 7:00 do 15:00;<br \/>\nWtorek &#8211; od 8:00 do 16:00;\u00a0<\/b><\/span><\/span><\/span><\/span><\/p>\n<p>&nbsp;<\/p>\n<p><b>NIP 792\u00a0197 4002<\/b><\/p>\n<p><b>REGON 651\u00a0442\u00a0225<\/b><\/p>\n<p><b>Nr konta 59 9107 0007 2001 0010 0957 0001 Bank Sp\u00f3\u0142dzielczy w Radymnie<\/b><\/p>\n","protected":false},"excerpt":{"rendered":"<p>KONTAKT Gminny O\u015brodek Pomocy Spo\u0142ecznej w Radymnie adres: ul. Lwowska 38,\u00a0 37-550 Radymno telefon: (16 ) 628 10 05, (16) 628 11 38 &#8211; sekretariat UG Radymno (prosi\u0107 numer wewn\u0119trzny): wew. 28 (kierownik GOPS, g\u0142\u00f3wny ksi\u0119gowy), wew. 32 (pomoc \u015brodowiskowa, dodatki mieszkaniowe, asystent rodziny), wew. 36 ( sekretariat GOPS, Karta Du\u017cej Rodziny, stypendia szkolne), wew. 44 ( \u015bwiadczenia rodzinne, \u015bwiadczenie wychowawcze, fundusz alimentacyjny) Godziny pracy:e-mail: gops@gopsradymno.pl strona internetowa: www.gopsradymno.pl adres elektronicznej skrzynki podawczej:\u00a0 \u00a0 \u00a0 \u00a0 \u00a0 \u00a0 \u00a0 \/GOPSRADYMNO\/domyslna \/GOPSRADYMNO\/SkrytkaESP &nbsp; &nbsp; Poniedzia\u0142ek , \u015aroda, Czwartek, Pi\u0105tek &#8211; od 7:00 do 15:00; Wtorek &#8211; od 8:00 do 16:00;\u00a0 &nbsp;\u2026<\/p>\n<p> <a class=\"continue-reading-link\" href=\"https:\/\/gopsradymno.pl\/index.php\/kontakt\/\"><span>Wi\u0119cej<\/span><i class=\"crycon-right-dir\"><\/i><\/a> <\/p>\n","protected":false},"author":2,"featured_media":0,"parent":0,"menu_order":0,"comment_status":"closed","ping_status":"closed","template":"","meta":{"footnotes":""},"class_list":["post-242","page","type-page","status-publish","hentry"],"_links":{"self":[{"href":"https:\/\/gopsradymno.pl\/index.php\/wp-json\/wp\/v2\/pages\/242","targetHints":{"allow":["GET"]}}],"collection":[{"href":"https:\/\/gopsradymno.pl\/index.php\/wp-json\/wp\/v2\/pages"}],"about":[{"href":"https:\/\/gopsradymno.pl\/index.php\/wp-json\/wp\/v2\/types\/page"}],"author":[{"embeddable":true,"href":"https:\/\/gopsradymno.pl\/index.php\/wp-json\/wp\/v2\/users\/2"}],"replies":[{"embeddable":true,"href":"https:\/\/gopsradymno.pl\/index.php\/wp-json\/wp\/v2\/comments?post=242"}],"version-history":[{"count":14,"href":"https:\/\/gopsradymno.pl\/index.php\/wp-json\/wp\/v2\/pages\/242\/revisions"}],"predecessor-version":[{"id":1245,"href":"https:\/\/gopsradymno.pl\/index.php\/wp-json\/wp\/v2\/pages\/242\/revisions\/1245"}],"wp:attachment":[{"href":"https:\/\/gopsradymno.pl\/index.php\/wp-json\/wp\/v2\/media?parent=242"}],"curies":[{"name":"wp","href":"https:\/\/api.w.org\/{rel}","templated":true}]}}