{"id":270,"date":"2019-01-04T19:42:10","date_gmt":"2019-01-04T18:42:10","guid":{"rendered":"https:\/\/gopsradymno.pl\/?page_id=270"},"modified":"2019-02-13T12:07:35","modified_gmt":"2019-02-13T11:07:35","slug":"karta-duzej-rodziny","status":"publish","type":"page","link":"https:\/\/gopsradymno.pl\/index.php\/inne-2\/karta-duzej-rodziny\/","title":{"rendered":"Karta Du\u017cej Rodziny"},"content":{"rendered":"<p align=\"justify\"><img loading=\"lazy\" decoding=\"async\" class=\"size-medium wp-image-729 aligncenter\" src=\"https:\/\/gopsradymno.pl\/wp-content\/uploads\/2019\/01\/kdr-300x238.jpg\" alt=\"\" width=\"300\" height=\"238\" srcset=\"https:\/\/gopsradymno.pl\/wp-content\/uploads\/2019\/01\/kdr-300x238.jpg 300w, https:\/\/gopsradymno.pl\/wp-content\/uploads\/2019\/01\/kdr-150x119.jpg 150w, https:\/\/gopsradymno.pl\/wp-content\/uploads\/2019\/01\/kdr.jpg 504w\" sizes=\"auto, (max-width: 300px) 100vw, 300px\" \/><\/p>\n<p><span style=\"font-family: Arial, sans-serif;\"><span style=\"font-size: medium;\"><b>Karta Du\u017cej Rodziny to rz\u0105dowy program dla rodzin, kt\u00f3re maj\u0105 na\u00a0utrzymaniu co najmniej troje dzieci.<\/b><\/span><\/span><\/p>\n<p align=\"justify\"><span style=\"font-family: Arial, sans-serif;\"><span style=\"font-size: medium;\">Og\u00f3lnopolska Karta Du\u017cej Rodziny to\u00a0system zni\u017cek i\u00a0dodatkowych uprawnie\u0144 dla rodzin 3+ zar\u00f3wno w\u00a0instytucjach publicznych, jak i\u00a0w\u00a0firmach prywatnych. Posiadacze KDR maj\u0105 mo\u017cliwo\u015b\u0107 ta\u0144szego korzystania z\u00a0oferty podmiot\u00f3w m.in.\u00a0z\u00a0bran\u017cy spo\u017cywczej, paliwowej, bankowej czy\u00a0rekreacyjnej.<\/span><\/span><\/p>\n<p><span style=\"font-family: Arial, sans-serif;\"><span style=\"font-size: medium;\">Prawo do posiadania Karty Du\u017cej Rodziny przys\u0142uguje wszystkim rodzicom oraz ma\u0142\u017conkom rodzic\u00f3w, kt\u00f3rzy maj\u0105 lub mieli na utrzymaniu \u0142\u0105cznie co najmniej troje dzieci.<\/span><\/span><\/p>\n<p><span style=\"font-family: Arial, sans-serif;\"><span style=\"font-size: medium;\">Przez rodzica rozumie si\u0119 tak\u017ce rodzica zast\u0119pczego lub osob\u0119 prowadz\u0105c\u0105 rodzinny dom dziecka.<\/span><\/span><\/p>\n<p align=\"justify\"><span style=\"font-family: Arial, sans-serif;\"><span style=\"font-size: medium;\"><b>Z dniem 1 stycznia 2019 r. wesz\u0142y zmiany dotycz\u0105ce Karty Du\u017cej Rodziny. Od 01-01-2019 r. Karta przys\u0142uguje rodzicom, kt\u00f3rzy maj\u0105 lub w przesz\u0142o\u015bci mieli na utrzymaniu co najmniej troje dzieci \u2013 bez wzgl\u0119du na ich wiek w chwili sk\u0142adania wniosku. <\/b><\/span><\/span><\/p>\n<p><span style=\"font-family: Arial, sans-serif;\"><span style=\"font-size: medium;\"><b>DO\u00a0KORZYSTANIA Z\u00a0PROGRAMU UPRAWNIENI S\u0104 CZ\u0141ONKOWIE RODZINY WIELODZIETNEJ:<\/b><\/span><\/span><\/p>\n<ul>\n<li>\n<p align=\"justify\"><span style=\"font-family: Arial, sans-serif;\"><span style=\"font-size: medium;\">rodzice oraz\u00a0ma\u0142\u017conek rodzica<\/span><\/span><\/p>\n<\/li>\n<li>\n<p align=\"justify\"><span style=\"font-family: Arial, sans-serif;\"><span style=\"font-size: medium;\">dziecko w\u00a0wieku do\u00a0uko\u0144czenia 18. roku \u017cycia<\/span><\/span><\/p>\n<\/li>\n<li>\n<p align=\"justify\"><span style=\"font-family: Arial, sans-serif;\"><span style=\"font-size: medium;\">dziecko powy\u017cej 18. roku \u017cycia \u2013 zgodnie z\u00a0terminem wskazanym w\u00a0za\u015bwiadczeniu, nie\u00a0d\u0142u\u017cej jednak ni\u017c do\u00a0uko\u0144czenia 25. roku \u017cycia<\/span><\/span><\/p>\n<\/li>\n<li>\n<p align=\"justify\"><span style=\"font-family: Arial, sans-serif;\"><span style=\"font-size: medium;\">dziecko legitymuj\u0105ce si\u0119 orzeczeniem o\u00a0umiarkowanym albo\u00a0znacznym stopniu niepe\u0142nosprawno\u015bci, w\u00a0wieku powy\u017cej 18. roku \u017cycia \u2013 na\u00a0okres wa\u017cno\u015bci orzeczenia<\/span><\/span><\/p>\n<\/li>\n<li>\n<p align=\"justify\"><span style=\"font-family: Arial, sans-serif;\"><span style=\"font-size: medium;\">dziecko umieszczone w\u00a0rodzinnej pieczy zast\u0119pczej \u2013 na\u00a0czas umieszczenia w\u00a0danej rodzinie zast\u0119pczej lub rodzinnym domu dziecka<\/span><\/span><\/p>\n<\/li>\n<li>\n<p align=\"justify\"><span style=\"font-family: Arial, sans-serif;\"><span style=\"font-size: medium;\">osobie, o\u00a0kt\u00f3rej\u00a0mowa w\u00a0art. 37 ust. 2 ustawy z\u00a0dnia 9 czerwca 2011 r. o\u00a0wspieraniu rodziny i\u00a0systemie pieczy zast\u0119pczej \u2013 zgodnie z\u00a0terminem wskazanym w\u00a0za\u015bwiadczeniu, nie\u00a0d\u0142u\u017cej jednak ni\u017c do\u00a0uko\u0144czenia 25. roku \u017cycia<\/span><\/span><\/p>\n<\/li>\n<li><span style=\"font-family: Arial, sans-serif;\"><span style=\"font-size: medium;\">ka\u017cdy rodzic, kt\u00f3ry\u00a0wychowa\u0142 co najmniej troje dzieci mo\u017ce ubiega\u0107 si\u0119 o\u00a0przyznanie Karty dla siebie i\u00a0drugiego rodzica.<\/span><\/span><\/li>\n<\/ul>\n<p>&nbsp;<\/p>\n<p align=\"justify\"><span style=\"font-family: Arial, sans-serif;\"><span style=\"font-size: medium;\"><b>DOKUMENTY DO\u00a0WGL\u0104DU NIEZB\u0118DNE PRZY SK\u0141ADANIU WNIOSKU:<\/b><\/span><\/span><\/p>\n<ul>\n<li>\n<p align=\"justify\"><span style=\"font-family: Arial, sans-serif;\"><span style=\"font-size: medium;\">w\u00a0przypadku rodzica oraz\u00a0ma\u0142\u017conka rodzica \u2013 dokument potwierdzaj\u0105cy to\u017csamo\u015b\u0107<\/span><\/span><\/p>\n<\/li>\n<li>\n<p align=\"justify\"><span style=\"font-family: Arial, sans-serif;\"><span style=\"font-size: medium;\">w\u00a0przypadku dzieci w\u00a0wieku do\u00a0uko\u0144czenia 18. roku \u017cycia akt urodzenia lub dokument potwierdzaj\u0105cy to\u017csamo\u015b\u0107<\/span><\/span><\/p>\n<\/li>\n<li>\n<p align=\"justify\"><span style=\"font-family: Arial, sans-serif;\"><span style=\"font-size: medium;\">w\u00a0przypadku dzieci w\u00a0wieku powy\u017cej 18. roku \u017cycia dokument potwierdzaj\u0105cy to\u017csamo\u015b\u0107 oraz\u00a0za\u015bwiadczenie ze\u00a0szko\u0142y lub szko\u0142y wy\u017cszej o\u00a0planowanym terminie uko\u0144czenia nauki w\u00a0danej plac\u00f3wce;<\/span><\/span><\/p>\n<\/li>\n<li>\n<p align=\"justify\"><span style=\"font-family: Arial, sans-serif;\"><span style=\"font-size: medium;\">w\u00a0przypadku dzieci legitymuj\u0105cych si\u0119 orzeczeniem o\u00a0umiarkowanym albo\u00a0znacznym stopniu niepe\u0142nosprawno\u015bci w\u00a0wieku powy\u017cej 18. roku \u017cycia dokument potwierdzaj\u0105cy to\u017csamo\u015b\u0107 oraz\u00a0orzeczenie o\u00a0umiarkowanym albo\u00a0znacznym stopniu niepe\u0142nosprawno\u015bci;<\/span><\/span><\/p>\n<\/li>\n<li>\n<p align=\"justify\"><span style=\"font-family: Arial, sans-serif;\"><span style=\"font-size: medium;\">w\u00a0przypadku dzieci umieszczonych w\u00a0rodzinie zast\u0119pczej lub rodzinnym domu dziecka \u2013 postanowienie o\u00a0umieszczeniu w\u00a0rodzinie zast\u0119pczej lub rodzinnym domu dziecka;<\/span><\/span><\/p>\n<\/li>\n<li>\n<p align=\"justify\"><span style=\"font-family: Arial, sans-serif;\"><span style=\"font-size: medium;\">w\u00a0przypadku os\u00f3b, o\u00a0kt\u00f3rych\u00a0mowa w\u00a0art. 37 ust. 2 ustawy z\u00a0dnia 9 czerwca 2011 r. wspieraniu rodziny i\u00a0systemie pieczy zast\u0119pczej \u2013 za\u015bwiadczenie o\u00a0pozostawaniu w\u00a0dotychczasowej rodzinie zast\u0119pczej lub rodzinnym domu dziecka.<\/span><\/span><\/p>\n<\/li>\n<\/ul>\n<p align=\"justify\"><span style=\"font-family: Arial, sans-serif;\"><span style=\"font-size: medium;\">Aby uzyska\u0107 Kart\u0119 Du\u017cej Rodziny nale\u017cy <b>z\u0142o\u017cy\u0107 wniosek w gminie odpowiadaj\u0105cej miejscu zamieszkania<\/b>.<\/span><\/span><\/p>\n<p align=\"justify\"><span style=\"font-family: Arial, sans-serif;\"><span style=\"font-size: medium;\"><b>WNIOSEK O PRZYZNANIE KARTY DU\u017bEJ RODZINY sk\u0142ada si\u0119:<\/b><\/span><\/span><\/p>\n<ol>\n<li>\n<p align=\"justify\"><span style=\"font-family: Arial, sans-serif;\"><span style=\"font-size: medium;\">W urz\u0119dzie gminy \u2014 w odpowiedniej instytucji w gminie, kt\u00f3ra zajmuje si\u0119 wydawaniem Karty Du\u017cej Rodziny. <u><b>W Gminie Radymno wydawaniem Karty Du\u017cej Rodziny zajmuje si\u0119 Gminny O\u015brodek Pomocy Spo\u0142ecznej w Radymnie ul. Lwowska 38 (budynek Urz\u0119du Gminy w Radymnie ) parter, pok\u00f3j nr 4.<\/b><\/u><\/span><\/span><\/p>\n<\/li>\n<\/ol>\n<p align=\"justify\"><span style=\"font-family: Arial, sans-serif;\"><span style=\"font-size: medium;\">lub<\/span><\/span><\/p>\n<ol start=\"2\">\n<li>\n<p align=\"justify\"><span style=\"color: #000000;\"><span style=\"font-family: Arial, sans-serif;\"><span style=\"font-size: medium;\"><a href=\"https:\/\/empatia.mpips.gov.pl\/\" target=\"_top\">Wniosek mo\u017cesz z\u0142o\u017cy\u0107 tak\u017ce przez internet \u2014 na portalu MRPiPS Emp@tia<\/a>. <a href=\"https:\/\/obywatel.gov.pl\/zasilki-i-pomoc-finansowa\/karta-duzej-rodziny-jak-zdobyc\" target=\"_top\">Je\u015bli sk\u0142adasz wniosek przez Emp@ti\u0119<\/a> :<\/span><\/span><\/span><\/p>\n<\/li>\n<\/ol>\n<ul>\n<li>\n<p align=\"justify\"><a href=\"https:\/\/wnioski.mpips.gov.pl\/ewnioski\/index.eup?contrastVersion=0\" target=\"_top\"><span style=\"color: #000000;\"><span style=\"font-family: Arial, sans-serif;\"><span style=\"font-size: medium;\">Wejd\u017a do modu\u0142u eWnioski na Emp@tii<\/span><\/span><\/span><\/a><span style=\"font-family: Arial, sans-serif;\"><span style=\"font-size: medium;\"> \u2014\u00a0 portalu Ministertwa Rodziny, Pracy i Polityki Spo\u0142ecznej (<\/span><\/span><a href=\"http:\/\/www.empatia.mrpips.gov.pl\/\" target=\"_top\"><span style=\"color: #0000ff;\"><span style=\"font-family: Arial, sans-serif;\"><span style=\"font-size: medium;\"><u>www.empatia.mrpips.gov.pl<\/u><\/span><\/span><\/span><\/a><span style=\"font-family: Arial, sans-serif;\"><span style=\"font-size: medium;\"> ).<\/span><\/span><\/p>\n<\/li>\n<li>\n<p align=\"justify\"><span style=\"font-family: Arial, sans-serif;\"><span style=\"font-size: medium;\">Zaloguj si\u0119 profilem zaufanym. <\/span><\/span><span style=\"color: #000000;\"><span style=\"font-family: Arial, sans-serif;\"><span style=\"font-size: medium;\"><a href=\"https:\/\/pz.gov.pl\/dt\/registerByXidp\" target=\"_top\">Je\u015bli nie masz jeszcze profilu zaufanego \u2014 za\u0142\u00f3\u017c go online<\/a>.<\/span><\/span><\/span><\/p>\n<\/li>\n<li>\n<p align=\"justify\"><span style=\"font-family: Arial, sans-serif;\"><span style=\"font-size: medium;\">Wype\u0142nij wniosek \u2014 kreator wniosku u\u0142atwia z\u0142o\u017cenie wniosku i pilnuje, aby wszystkie wymagane pola zosta\u0142y wype\u0142nione.<\/span><\/span><\/p>\n<\/li>\n<li>\n<p align=\"justify\"><span style=\"font-family: Arial, sans-serif;\"><span style=\"font-size: medium;\">Czekaj na powiadomienie o gotowych do odbioru Kartach \u2014 dostaniesz je SMS -em.\u00a0<\/span><\/span><\/p>\n<\/li>\n<\/ul>\n<p align=\"justify\"><span style=\"font-family: Arial, sans-serif;\"><span style=\"font-size: medium;\"><b>Druki wniosk\u00f3w o przyznanie Karty Du\u017cej Rodziny dost\u0119pne s\u0105:<\/b><\/span><\/span><\/p>\n<ul>\n<li>\n<p align=\"justify\"><span style=\"font-family: Arial, sans-serif;\"><span style=\"font-size: medium;\">w Gminnym O\u015brodku Pomocy Spo\u0142ecznej w Radymnie ul. Lwowska 38, parter, pok\u00f3j nr 4,<\/span><\/span><\/p>\n<\/li>\n<li>\n<p align=\"justify\"><span style=\"font-family: Arial, sans-serif;\"><span style=\"font-size: medium;\">na stronie internetowej Gminnego O\u015brodka Pomocy Spo\u0142ecznej w Radymnie <\/span><\/span><a href=\"https:\/\/gopsradymno.pl\/\" target=\"_top\"><span style=\"color: #0000ff;\"><span style=\"font-family: Arial, sans-serif;\"><span style=\"font-size: medium;\"><u>www.gops.radymno.org<\/u><\/span><\/span><\/span><\/a><span style=\"font-family: Arial, sans-serif;\"><span style=\"font-size: medium;\"> ( w zak\u0142adce INNE),<\/span><\/span><\/p>\n<\/li>\n<li>\n<p align=\"justify\"><span style=\"font-family: Arial, sans-serif;\"><span style=\"font-size: medium;\">na stronie internetowej Ministerstwa Rodziny, Pracy i Polityki Spo\u0142ecznej <\/span><\/span><a href=\"http:\/\/www.gov.pl\/\" target=\"_top\"><span style=\"color: #0000ff;\"><span style=\"font-family: Arial, sans-serif;\"><span style=\"font-size: medium;\"><u>www.gov.pl<\/u><\/span><\/span><\/span><\/a><span style=\"font-family: Arial, sans-serif;\"><span style=\"font-size: medium;\">, https:\/\/www.gov.pl\/web\/rodzina\/dokumenty-potrzebne-do-zlozenia-wniosku<\/span><\/span><\/p>\n<\/li>\n<\/ul>\n<p align=\"justify\"><span style=\"font-family: Arial, sans-serif;\"><span style=\"font-size: medium;\">Karty przyznawane s\u0105 przez <b>w\u00f3jta, burmistrza lub prezydenta miasta <\/b>w gminie odpowiadaj\u0105cej miejscu zamieszkania.<\/span><\/span><\/p>\n<p align=\"justify\"><span style=\"font-family: Arial, sans-serif;\"><span style=\"font-size: medium;\">Z dniem 1 stycznia 2018r. wesz\u0142a w \u017cycie ustawa z dnia 7 lipca 2017 r. o zmianie niekt\u00f3rych ustaw zwi\u0105zanych z systemami wsparcia rodzin (Dz.U. z 2017 r. poz.1428). Nowelizacja niesie ze sob\u0105 mo\u017cliwo\u015b\u0107 ubiegania si\u0119 o KDR ju\u017c nie tylko w wersji tradycyjnej, ale r\u00f3wnie\u017c elektronicznej karty w formie aplikacji na urz\u0105dzenie mobilne (smartfon, tablet). <\/span><\/span><\/p>\n<p align=\"justify\"><span style=\"font-family: Arial, sans-serif;\"><span style=\"font-size: medium;\">Wniosek o przyznanie karty lub wydanie duplikatu mo\u017ce z\u0142o\u017cy\u0107 w imieniu cz\u0142onk\u00f3w rodziny wielodzietnej cz\u0142onek rodziny wielodzietnej posiadaj\u0105cy pe\u0142n\u0105 zdolno\u015b\u0107 do czynno\u015bci prawnych, kt\u00f3ry o\u015bwiadczy, \u017ce jest umocowany do z\u0142o\u017cenia wniosku o przyznanie Karty lub jej duplikatu oraz do odebrania karty lub jej duplikatu w imieniu cz\u0142onk\u00f3w rodziny wielodzietnej wskazanych we wniosku.<\/span><\/span><\/p>\n<p align=\"justify\"><span style=\"font-family: Arial, sans-serif;\"><span style=\"font-size: medium;\"><u><b>Od 1 stycznia 2018 r. Karta Du\u017cej Rodziny dost\u0119pna jest w dw\u00f3ch formach: <\/b><\/u><\/span><\/span><\/p>\n<ul>\n<li>\n<p align=\"justify\"><span style=\"font-family: Arial, sans-serif;\"><span style=\"font-size: medium;\"><b>tradycyjnej <\/b>(tj. plastikowej)<\/span><\/span><\/p>\n<\/li>\n<li>\n<p align=\"justify\"><span style=\"font-family: Arial, sans-serif;\"><span style=\"font-size: medium;\"><b>elektronicznej<\/b> (na urz\u0105dzeniach mobilnych).<\/span><\/span><\/p>\n<\/li>\n<\/ul>\n<p align=\"justify\"><span style=\"font-family: Arial, sans-serif;\"><span style=\"font-size: medium;\">Aplikacja na smartfony, kt\u00f3ra posiada kilka funkcji:<\/span><\/span><\/p>\n<ul>\n<li>\n<p align=\"justify\"><span style=\"font-family: Arial, sans-serif;\"><span style=\"font-size: medium;\">rodzic b\u0119dzie m\u00f3g\u0142 posiada\u0107 na swoim smartfonie Karty swoich dzieci oraz ma\u0142\u017conka; <\/span><\/span><\/p>\n<\/li>\n<li>\n<p align=\"justify\"><span style=\"font-family: Arial, sans-serif;\"><span style=\"font-size: medium;\">aplikacja umo\u017cliwi wyszukiwanie partner\u00f3w KDR wg kategorii, lokalizacji, frazy; <\/span><\/span><\/p>\n<\/li>\n<li>\n<p align=\"justify\"><span style=\"font-family: Arial, sans-serif;\"><span style=\"font-size: medium;\">funkcja geolokalizacji pozwoli na wyszukiwanie partner\u00f3w udzielaj\u0105cych zni\u017cek w okolicy przebywania u\u017cytkownika aplikacji; <\/span><\/span><\/p>\n<\/li>\n<li>\n<p align=\"justify\"><span style=\"font-family: Arial, sans-serif;\"><span style=\"font-size: medium;\">u\u017cytkownik aplikacji b\u0119dzie m\u00f3g\u0142 dodawa\u0107 partner\u00f3w KDR do listy \u201eulubionych,\u201d <\/span><\/span><\/p>\n<\/li>\n<li>\n<p align=\"justify\"><span style=\"font-family: Arial, sans-serif;\"><span style=\"font-size: medium;\">aplikacja pozwoli tak\u017ce na przekazywanie informacji cz\u0142onkom rodzin wielodzietnych zar\u00f3wno o aktualnych zni\u017ckach i nowych partnerach, jak i konieczno\u015bci z\u0142o\u017cenia wniosku przed terminem wa\u017cno\u015bci Karty, np. w przypadku dzieci przed 18 r.\u017c. <\/span><\/span><\/p>\n<\/li>\n<\/ul>\n<p align=\"justify\"><span style=\"font-family: Arial, sans-serif;\"><span style=\"font-size: medium;\">W przypadku aplikacji mobilnej, mo\u017cna zacz\u0105\u0107 korzysta\u0107 z Karty Du\u017cej Rodziny ju\u017c po ok. 1 godziny od jej przyznania przez odpowiedni organ, bez konieczno\u015bci czekania na wydruk plastikowej, fizycznej wersji karty.<\/span><\/span><\/p>\n<p>&nbsp;<\/p>\n<p><span style=\"font-family: Arial, sans-serif;\"><span style=\"font-size: medium;\">Og\u00f3lnopolska Karta Du\u017cej Rodziny wydawana jest <b>bezp\u0142atnie.<\/b> <\/span><\/span><\/p>\n<p><span style=\"font-family: Arial, sans-serif;\"><span style=\"font-size: medium;\">Duplikat Karty kosztuje 9,40 z\u0142.<\/span><\/span><\/p>\n<p><span style=\"font-family: Arial, sans-serif;\"><span style=\"font-size: medium;\">Je\u017celi <u>jednocze\u015bnie wnioskujemy o tradycyjn\u0105 i elektroniczn\u0105 form\u0119<\/u> Karty Du\u017cej Rodziny-Karta wydawana jest bezp\u0142atnie<\/span><\/span><\/p>\n<p align=\"justify\"><span style=\"font-family: Arial, sans-serif;\"><span style=\"font-size: medium;\"><span style=\"color: #000000;\">W przypadku os\u00f3b, kt\u00f3re do dnia 31 grudnia 2017 r. z\u0142o\u017cy\u0142y wniosek o tradycyjn\u0105 Kart\u0119 Du\u017cej Rodziny, przyznanie Karty elektronicznej b\u0119dzie bezp\u0142atne w przypadku <\/span><span style=\"color: #000000;\"><u>gdy z\u0142o\u017c\u0105 wniosek o przyznanie dodatkowej formy Karty (w postaci elektronicznej)<\/u><\/span> <span style=\"color: #000000;\"><b>do dnia 31 grudnia 2019 r.<\/b><\/span><span style=\"color: #000000;\"> Po up\u0142ywie tego czasu, jak i w przypadkach gdy od dnia 1 stycznia 2018 r. cz\u0142onek rodziny wielodzietnej z\u0142o\u017cy\u0142 wniosek o przyznanie Karty Du\u017cej Rodziny tylko w jednej formie, a nast\u0119pnie po jej przyznaniu z\u0142o\u017cy\u0142 wniosek o dodatkow\u0105 form\u0119 Karty, do wniosku musi za\u0142\u0105czy\u0107 dow\u00f3d wniesienia op\u0142aty za dodatkow\u0105 form\u0119 Karty w kwocie 9,40 z\u0142. <\/span><\/span><\/span><\/p>\n<p align=\"justify\"><span style=\"font-family: Arial, sans-serif;\"><span style=\"font-size: medium;\">Karta przyznawana jest niezale\u017cnie od dochodu rodzinie.<\/span><\/span><\/p>\n<h3 class=\"western\"><span style=\"color: #000000;\"><span style=\"font-family: Arial, sans-serif;\"><span style=\"font-size: medium;\">Karta Du\u017cej Rodziny przyznana jest na nast\u0119puj\u0105ce okresy :<\/span><\/span><\/span><\/h3>\n<ul>\n<li style=\"list-style-type: none;\">\n<ul>\n<li style=\"list-style-type: none;\">\n<ul>\n<li>\n<h3 class=\"western\"><span style=\"color: #000000;\"><span style=\"font-family: Arial, sans-serif;\"><span style=\"font-size: medium;\">rodzice \u2014 na ca\u0142e \u017cycie,<\/span><\/span><\/span><\/h3>\n<\/li>\n<\/ul>\n<\/li>\n<\/ul>\n<\/li>\n<\/ul>\n<ul>\n<li><span style=\"font-family: Arial, sans-serif;\"><span style=\"font-size: medium;\">dzieci <span style=\"color: #222222;\">\u2014<\/span> do uko\u0144czenia 18 lat,<\/span><\/span><\/li>\n<li><span style=\"font-family: Arial, sans-serif;\"><span style=\"font-size: medium;\">dzieci, kt\u00f3re dalej ucz\u0105 si\u0119 w szkole lub studiuj\u0105 <span style=\"color: #222222;\">\u2014<\/span> do uko\u0144czenia nauki, maksymalnie do uko\u0144czenia\u00a025 lat,\u00a0<\/span><\/span><\/li>\n<li><span style=\"font-family: Arial, sans-serif;\"><span style=\"font-size: medium;\">dzieci niepe\u0142nosprawne <span style=\"color: #222222;\">\u2014<\/span> na czas obowi\u0105zywania orzeczenia o niepe\u0142nosprawno\u015bci,<\/span><\/span><\/li>\n<li>\n<p align=\"justify\"><span style=\"font-family: Arial, sans-serif;\"><span style=\"font-size: medium;\">karta przyznawana jest dzieciom umieszczonym w rodzinnej pieczy zast\u0119pczej na czas umieszczenia w danej rodzinie zast\u0119pczej lub rodzinnym domu dziecka, nie d\u0142u\u017cej ni\u017c do uko\u0144czenia 18 r.\u017c.<\/span><\/span><\/p>\n<\/li>\n<\/ul>\n<p align=\"justify\"><span style=\"font-family: Arial, sans-serif;\"><span style=\"font-size: medium;\">W Przypadku wyst\u0105pienia zmian maj\u0105cych wp\u0142yw na prawo do posiadania Karty Du\u017cej Rodziny, zmian danych zawartych w karcie lub zmiany miejsca zamieszkania cz\u0142onek rodziny wielodzietnej jest obowi\u0105zany do niezw\u0142ocznego powiadomienia o tym W\u00f3jta\/Burmistrza\/Prezydenta, kt\u00f3ry przyzna\u0142 Kart\u0119.<\/span><\/span><\/p>\n<p><span style=\"font-family: Arial, sans-serif;\"><span style=\"font-size: medium;\">Karta Du\u017cej Rodziny to system zni\u017cek, kt\u00f3ry umo\u017cliwia korzystanie z szerokiej gamy upust\u00f3w udzielanych przez przedsi\u0119biorstwa publiczne, ale i prywatnych us\u0142ugodawc\u00f3w.<\/span><\/span><\/p>\n<p><span style=\"font-family: Arial, sans-serif;\"><span style=\"font-size: medium;\">Poni\u017cej znajduje si\u0119 link do mapy z partnerami KDR oraz opisem zni\u017cek:<\/span><\/span><\/p>\n<p><a href=\"https:\/\/empatia.mpips.gov.pl\/web\/piu\/kdr\" target=\"_top\"><span style=\"color: #0000ff;\"><span style=\"font-family: Arial, sans-serif;\"><span style=\"font-size: medium;\"><u>Wyszukiwanie partner\u00f3w KDR<\/u><\/span><\/span><\/span><\/a><span style=\"font-family: Arial, sans-serif;\"><span style=\"font-size: medium;\">, <\/span><\/span><a href=\"https:\/\/empatia.mpips.gov.pl\/web\/piu\/kdr\" target=\"_top\"><span style=\"color: #0000ff;\"><span style=\"font-family: Arial, sans-serif;\"><span style=\"font-size: medium;\"><u>https:\/\/empatia.mpips.gov.pl\/web\/piu\/kdr<\/u><\/span><\/span><\/span><\/a><u> <\/u><\/p>\n<p align=\"justify\"><span style=\"font-family: Arial, sans-serif;\"><span style=\"font-size: medium;\">Karta Du\u017cej Rodziny ma zasi\u0119g og\u00f3lnopolski. Oznacza to, \u017ce u wszystkich partner\u00f3w w ca\u0142ej Polsce w\u0142a\u015bnie z t\u0105 kart\u0105 b\u0119dzie mo\u017cna korzysta\u0107 ze zni\u017cek i rabat\u00f3w. Poza Kart\u0105 Du\u017cej Rodziny wybrane gminy prowadz\u0105 r\u00f3wnie\u017c swoje programy wsparcia dla rodzin wielodzietnych. To znaczy, \u017ce dana gmina mo\u017ce posiada\u0107 tak\u017ce swoj\u0105 kart\u0119 uprawniaj\u0105c\u0105 do korzystania ze zni\u017cek u innych partner\u00f3w, ni\u017c z Kart\u0105 Du\u017cej Rodziny. Dlatego przed skorzystaniem z rabatu w ramach og\u00f3lnopolskiej Karty Du\u017cej Rodziny, nale\u017cy wcze\u015bniej upewni\u0107 si\u0119, czy w\u015br\u00f3d partner\u00f3w tego programu widnieje us\u0142ugodawca z Naszej gminy, na kt\u00f3rego produkty chcemy uzyska\u0107 zni\u017ck\u0119. Unikniemy wtedy niepotrzebnych nieporozumie\u0144.<\/span><\/span><\/p>\n<p align=\"justify\"><span style=\"font-family: Arial, sans-serif;\"><span style=\"font-size: medium;\">Chcesz uzyska\u0107 wi\u0119cej informacji \u2013 <a href=\"https:\/\/www.gov.pl\/web\/rodzina\/karta-duzej-rodziny-ogolne\">KLIKNIJ TU\u00a0<\/a><\/span><\/span><\/p>\n<p align=\"justify\"><span style=\"font-family: Arial, sans-serif;\"><span style=\"font-size: medium;\">Sprawd\u017a gdzie skorzystasz z KDR. Link do mapy z partnerami KDR oraz opisem zni\u017cek znajduje si\u0119 <a href=\"https:\/\/empatia.mpips.gov.pl\/web\/piu\/kdr\">TUTAJ <\/a><\/span><\/span><\/p>\n<p>&nbsp;<\/p>\n<p><span style=\"font-family: Arial, sans-serif;\"><span style=\"font-size: medium;\"><b>Pliki do pobrania:<\/b><\/span><\/span><\/p>\n<p>&nbsp;<\/p>\n<p><a href=\"https:\/\/gopsradymno.pl\/wp-content\/uploads\/2019\/01\/KDR-Wniosek-o-przyznanie-Karty-Du\u017cej-Rodziny-lub-wydanie-duplikatu-Karty-Du\u017cej-Rodziny.pdf\">KDR- Wniosek o przyznanie Karty Du\u017cej Rodziny lub wydanie duplikatu Karty Du\u017cej Rodziny<\/a><\/p>\n<p><a href=\"https:\/\/gopsradymno.pl\/wp-content\/uploads\/2019\/01\/ZKDR-01-O\u015bwiadczenie-o-planowanym-terminie-uko\u0144czenia-nauki-w-szkole-lub-szkole-wy\u017cszej.pdf\">ZKDR-01-O\u015bwiadczenie o planowanym terminie uko\u0144czenia nauki w szkole lub szkole wy\u017cszej<\/a><\/p>\n<p><a href=\"https:\/\/gopsradymno.pl\/wp-content\/uploads\/2019\/01\/ZKDR-02-O\u015bwiadczenie-o-pozostawaniu-w-dotychczasowej-rodzinie-zast\u0119pczej-lub-dotychczasowym-rodzinnym-domu-dziecka.pdf\">ZKDR-02-O\u015bwiadczenie o pozostawaniu w dotychczasowej rodzinie zast\u0119pczej lub dotychczasowym rodzinnym domu dziecka<\/a><\/p>\n<p><a href=\"https:\/\/gopsradymno.pl\/wp-content\/uploads\/2019\/01\/ZKDR-03-O\u015bwiadczenie-dotycz\u0105ce-w\u0142adzy-rodzicielskiej.pdf\">ZKDR-03-O\u015bwiadczenie dotycz\u0105ce w\u0142adzy rodzicielskiej<\/a><\/p>\n<p><a href=\"https:\/\/gopsradymno.pl\/wp-content\/uploads\/2019\/01\/ZKDR-04-Informacja-o-osobach-kt\u00f3re-b\u0119d\u0105-mog\u0142y-wy\u015bwietla\u0107-kart\u0119-elektroniczn\u0105-na-swoich-urz\u0105dzeniach-mobilnych.pdf\">ZKDR-04- Informacja o osobach, kt\u00f3re b\u0119d\u0105 mog\u0142y wy\u015bwietla\u0107 kart\u0119 elektroniczn\u0105 na swoich urz\u0105dzeniach mobilnych<\/a><\/p>\n","protected":false},"excerpt":{"rendered":"<p>Karta Du\u017cej Rodziny to rz\u0105dowy program dla rodzin, kt\u00f3re maj\u0105 na\u00a0utrzymaniu co najmniej troje dzieci. Og\u00f3lnopolska Karta Du\u017cej Rodziny to\u00a0system zni\u017cek i\u00a0dodatkowych uprawnie\u0144 dla rodzin 3+ zar\u00f3wno w\u00a0instytucjach publicznych, jak i\u00a0w\u00a0firmach prywatnych. Posiadacze KDR maj\u0105 mo\u017cliwo\u015b\u0107 ta\u0144szego korzystania z\u00a0oferty podmiot\u00f3w m.in.\u00a0z\u00a0bran\u017cy spo\u017cywczej, paliwowej, bankowej czy\u00a0rekreacyjnej. Prawo do posiadania Karty Du\u017cej Rodziny przys\u0142uguje wszystkim rodzicom oraz ma\u0142\u017conkom rodzic\u00f3w, kt\u00f3rzy maj\u0105 lub mieli na utrzymaniu \u0142\u0105cznie co najmniej troje dzieci. Przez rodzica rozumie si\u0119 tak\u017ce rodzica zast\u0119pczego lub osob\u0119 prowadz\u0105c\u0105 rodzinny dom dziecka. Z dniem 1 stycznia 2019 r. wesz\u0142y zmiany dotycz\u0105ce Karty Du\u017cej Rodziny. Od 01-01-2019 r. Karta przys\u0142uguje rodzicom, kt\u00f3rzy\u2026<\/p>\n<p> <a class=\"continue-reading-link\" href=\"https:\/\/gopsradymno.pl\/index.php\/inne-2\/karta-duzej-rodziny\/\"><span>Wi\u0119cej<\/span><i class=\"crycon-right-dir\"><\/i><\/a> <\/p>\n","protected":false},"author":2,"featured_media":0,"parent":288,"menu_order":0,"comment_status":"closed","ping_status":"closed","template":"","meta":{"footnotes":""},"class_list":["post-270","page","type-page","status-publish","hentry"],"_links":{"self":[{"href":"https:\/\/gopsradymno.pl\/index.php\/wp-json\/wp\/v2\/pages\/270","targetHints":{"allow":["GET"]}}],"collection":[{"href":"https:\/\/gopsradymno.pl\/index.php\/wp-json\/wp\/v2\/pages"}],"about":[{"href":"https:\/\/gopsradymno.pl\/index.php\/wp-json\/wp\/v2\/types\/page"}],"author":[{"embeddable":true,"href":"https:\/\/gopsradymno.pl\/index.php\/wp-json\/wp\/v2\/users\/2"}],"replies":[{"embeddable":true,"href":"https:\/\/gopsradymno.pl\/index.php\/wp-json\/wp\/v2\/comments?post=270"}],"version-history":[{"count":7,"href":"https:\/\/gopsradymno.pl\/index.php\/wp-json\/wp\/v2\/pages\/270\/revisions"}],"predecessor-version":[{"id":766,"href":"https:\/\/gopsradymno.pl\/index.php\/wp-json\/wp\/v2\/pages\/270\/revisions\/766"}],"up":[{"embeddable":true,"href":"https:\/\/gopsradymno.pl\/index.php\/wp-json\/wp\/v2\/pages\/288"}],"wp:attachment":[{"href":"https:\/\/gopsradymno.pl\/index.php\/wp-json\/wp\/v2\/media?parent=270"}],"curies":[{"name":"wp","href":"https:\/\/api.w.org\/{rel}","templated":true}]}}